{"id":6,"date":"2024-06-21T11:38:07","date_gmt":"2024-06-21T11:38:07","guid":{"rendered":"https:\/\/cartech-aichach.de\/?page_id=6"},"modified":"2024-06-21T12:09:20","modified_gmt":"2024-06-21T12:09:20","slug":"impressum","status":"publish","type":"page","link":"https:\/\/cartech-aichach.de\/index.php\/impressum\/","title":{"rendered":"Impressum"},"content":{"rendered":"<p><strong>Impressum<\/strong><\/p>\n<p>Anbieter dieser Internetpr\u00e4senz im Rechtssinne<\/p>\n<p><strong>Cartech<br \/>\nKfz-Meisterbetrieb<br \/>\nRobert Walter<br \/>\nM\u00fcnchner Str. 60<br \/>\n86551 Aichach<\/strong><\/p>\n<p>Telefon 08251 827414<\/p>\n<p>UST-ID: DE 182742358<\/p>\n<p>E-Mail: <u><a href=\"mailto:office\">office<\/a><\/u>@cartech-aichach.de<br \/>\nWeb-Site: <u><a href=\"http:\/\/www.cartech-aichach.de\">www.cartech-aichach.de<\/a><\/u><\/p>\n<p><u>Alle Rechte vorbehalten:<\/u><br \/>\nAlle Produkte, auf die in den Informationen, den Dokumenten oder in sonstigen Bestandteilen dieser Web-Site Bezug genommen wird, k\u00f6nnen Gegenstand anderer Urheberrechte als der von Cartech sein.<\/p>\n<p><u>Datenschutz:<\/u><br \/>\nIhre pers\u00f6nlichen Daten werden selbstverst\u00e4ndlich vertraulich behandelt und nicht an Dritte weitergegeben.<br \/>\nDas Ausf\u00fcllen dieser Formulare ist Ihnen v\u00f6llig freigestellt.<\/p>\n<p><u>Rechtliche Hinweise zur Haftung \/ Disclaimer:<\/u><br \/>\nDie Cartech ist um Richtigkeit und Aktualit\u00e4t der auf dieser Internetpr\u00e4senz bereitgestellten Informationen bem\u00fcht. Trotzdem k\u00f6nnen Fehler und Unklarheiten nicht vollst\u00e4ndig ausgeschlossen werden.<br \/>\nDie Cartech \u00fcbernimmt deshalb keine Gew\u00e4hr f\u00fcr die Aktualit\u00e4t, Richtigkeit, Vollst\u00e4ndigkeit oder Qualit\u00e4t der bereitgestellten Informationen.<br \/>\nF\u00fcr Sch\u00e4den materieller oder immaterieller Art, die durch die Nutzung oder Nichtnutzung der dargebotenen Informationen bzw. durch die Nutzung fehlerhafter und unvollst\u00e4ndiger Informationen unmittelbar oder mittelbar verursacht werden, haftet die Cartech nicht, sofern ihr nicht nachweislich vors\u00e4tzliches oder grob fahrl\u00e4ssiges Verschulden zur Last f\u00e4llt.<\/p>\n<p>Gleiches gilt f\u00fcr zum Download bereit gehaltener Informationen, insbesondere die zur Verf\u00fcgung gestellten Dokumente und sonstige Angebote. Die Cartech beh\u00e4lt es sich vor, Teile des Internetangebots oder das gesamte Angebot ohne gesonderte Ank\u00fcndigung zu ver\u00e4ndern, zu erg\u00e4nzen, zu l\u00f6schen oder die Ver\u00f6ffentlichung zeitweise oder endg\u00fcltig einzustellen.<\/p>\n<p>Die Verantwortlichkeit f\u00fcr \u201efremde Inhalte\u201c, die beispielsweise durch direkte oder indirekte Verkn\u00fcpfungen (z.B. sogenannte \u201eLinks\u201c) zu anderen Anbietern bereitgehalten werden, setzt unter anderem positive Kenntnis des rechtswidrigen bzw. strafbaren Inhaltes voraus.<br \/>\nDie Cartech hat auf \u201efremde Inhalte\u201c keinerlei Einfluss und macht sich diese Inhalte auch nicht zu eigen.<\/p>\n<p>Die Cartech hat keine positive Kenntnis \u00fcber rechtswidrige oder anst\u00f6\u00dfige Inhalte auf den verkn\u00fcpften Seiten fremder Anbieter. Sollten auf den verkn\u00fcpften Seiten fremder Anbieter dennoch rechtswidrige oder anst\u00f6\u00dfige Inhalte enthalten sein, so distanziert sich die Cartech von diesen Inhalten ausdr\u00fccklich.<\/p>\n<p><u>Urheberrecht \/ Copyright<\/u><br \/>\nDurch das Copyright gesch\u00fctzt sind alle in der Cartech.de enthaltenen Informationen und deren Darstellung (z.B. Texte, Grafiken, Audio, Video, Multimediadateien, Layout etc.) einschlie\u00dflich der Hyperlinks, nicht jedoch f\u00fcr die durch Hyperlinks angesprochenen fremde Webseiten.<\/p>\n<p>Alle in der Cartech.de genannten oder durch Dritte gesch\u00fctzte Marken- oder Warenzeichen unterliegen ohne Einschr\u00e4nkung den Bestimmungen des jeweils geltenden Kennzeichnungsrechts und den Besitzrechten der jeweils eingetragenen Eigent\u00fcmer.<\/p>\n<p>Die Benutzung der hier wiedergegebenen Informationen ist f\u00fcr wissenschaftliche Zwecke frei. Bei der Benutzung in einer Ver\u00f6ffentlichung (online oder in Papierform) sind die \u00fcblichen Regeln f\u00fcr Zitate einzuhalten. Das Setzen von Links zu unserem Dokument wird ebenfalls gestattet; dabei muss aber unser Dokument in einem eigenst\u00e4ndigen Fenster (also nicht innerhalb des Framesets des externen Anbieters) angezeigt werden.<\/p>\n<p>Vor einer kommerziellen Nutzung der Information ist die Einwilligung des Copyright-Inhabers einzuholen.<\/p>\n<p>Generell nicht gestattet wird die Benutzung von Informationen aus unserer Cartech.de sowie das Setzen von Hyperlinks zu unseren Dokumenten in Publikationen mit gewaltverherrlichendem, neonazistischem, pornographischem oder sonstigem gegen geltendes Recht versto\u00dfenden Inhalt.<\/p>\n<p><u>Schlu\u00dfbestimmungen<\/u><\/p>\n<p>Diese f\u00fcr das Cartech.de geltenden Regelungen gelten sinngem\u00e4\u00df auch f\u00fcr dieses \u201eImpressum, Disclaimer und Copyright\u201c Dokument.<\/p>\n<p>Sollten einzelne Bestimmungen nichtig, unwirksam oder anfechtbar sein oder werden, sind sie so auszulegen, abzu\u00e4ndern oder zu erg\u00e4nzen, da\u00df der beabsichtigte Zweck in rechtlich zul\u00e4ssiger Weise m\u00f6glichst genau erreicht wird; die \u00fcbrigen Bestimmungen bleiben davon unber\u00fchrt. Sinngem\u00e4\u00df gilt dies auch f\u00fcr erg\u00e4nzungsbed\u00fcrftige L\u00fccken in den Bestimmungen.<\/p>\n<p>Alle aus dieser Website entstehenden Rechtsstreitigkeiten unterliegen ausschlie\u00dflich deutschem Recht<\/p>\n","protected":false},"excerpt":{"rendered":"<p>Impressum Anbieter dieser Internetpr\u00e4senz im Rechtssinne Cartech Kfz-Meisterbetrieb Robert Walter M\u00fcnchner Str. 60 86551 Aichach Telefon 08251 827414 UST-ID: DE 182742358 E-Mail: office@cartech-aichach.de Web-Site: www.cartech-aichach.de Alle Rechte vorbehalten: Alle Produkte, auf die in den Informationen, den Dokumenten oder in sonstigen Bestandteilen dieser Web-Site Bezug genommen wird, k\u00f6nnen Gegenstand anderer Urheberrechte als der von Cartech sein. [&hellip;]<\/p>\n","protected":false},"author":1,"featured_media":0,"parent":0,"menu_order":0,"comment_status":"closed","ping_status":"closed","template":"","meta":{"_monsterinsights_skip_tracking":false,"_monsterinsights_sitenote_active":false,"_monsterinsights_sitenote_note":"","_monsterinsights_sitenote_category":0,"footnotes":""},"class_list":["post-6","page","type-page","status-publish","hentry"],"yoast_head":"<!-- This site is optimized with the Yoast SEO plugin v27.4 - https:\/\/yoast.com\/product\/yoast-seo-wordpress\/ -->\n<title>Impressum - Cartech-KS Aichach<\/title>\n<meta name=\"robots\" content=\"index, follow, max-snippet:-1, max-image-preview:large, max-video-preview:-1\" \/>\n<link rel=\"canonical\" href=\"https:\/\/cartech-aichach.de\/index.php\/impressum\/\" \/>\n<meta property=\"og:locale\" content=\"de_DE\" \/>\n<meta property=\"og:type\" content=\"article\" \/>\n<meta property=\"og:title\" content=\"Impressum - Cartech-KS Aichach\" \/>\n<meta property=\"og:description\" content=\"Impressum Anbieter dieser Internetpr\u00e4senz im Rechtssinne Cartech Kfz-Meisterbetrieb Robert Walter M\u00fcnchner Str. 60 86551 Aichach Telefon 08251 827414 UST-ID: DE 182742358 E-Mail: office@cartech-aichach.de Web-Site: www.cartech-aichach.de Alle Rechte vorbehalten: Alle Produkte, auf die in den Informationen, den Dokumenten oder in sonstigen Bestandteilen dieser Web-Site Bezug genommen wird, k\u00f6nnen Gegenstand anderer Urheberrechte als der von Cartech sein. [&hellip;]\" \/>\n<meta property=\"og:url\" content=\"https:\/\/cartech-aichach.de\/index.php\/impressum\/\" \/>\n<meta property=\"og:site_name\" content=\"Cartech-KS Aichach\" \/>\n<meta property=\"article:publisher\" content=\"https:\/\/www.facebook.com\/profile.php?id=100054510787218\" \/>\n<meta property=\"article:modified_time\" content=\"2024-06-21T12:09:20+00:00\" \/>\n<meta name=\"twitter:card\" content=\"summary_large_image\" \/>\n<meta name=\"twitter:label1\" content=\"Gesch\u00e4tzte Lesezeit\" \/>\n\t<meta name=\"twitter:data1\" content=\"4\u00a0Minuten\" \/>\n<script type=\"application\/ld+json\" class=\"yoast-schema-graph\">{\"@context\":\"https:\\\/\\\/schema.org\",\"@graph\":[{\"@type\":\"WebPage\",\"@id\":\"https:\\\/\\\/cartech-aichach.de\\\/index.php\\\/impressum\\\/\",\"url\":\"https:\\\/\\\/cartech-aichach.de\\\/index.php\\\/impressum\\\/\",\"name\":\"Impressum - Cartech-KS Aichach\",\"isPartOf\":{\"@id\":\"https:\\\/\\\/cartech-aichach.de\\\/#website\"},\"datePublished\":\"2024-06-21T11:38:07+00:00\",\"dateModified\":\"2024-06-21T12:09:20+00:00\",\"breadcrumb\":{\"@id\":\"https:\\\/\\\/cartech-aichach.de\\\/index.php\\\/impressum\\\/#breadcrumb\"},\"inLanguage\":\"de\",\"potentialAction\":[{\"@type\":\"ReadAction\",\"target\":[\"https:\\\/\\\/cartech-aichach.de\\\/index.php\\\/impressum\\\/\"]}]},{\"@type\":\"BreadcrumbList\",\"@id\":\"https:\\\/\\\/cartech-aichach.de\\\/index.php\\\/impressum\\\/#breadcrumb\",\"itemListElement\":[{\"@type\":\"ListItem\",\"position\":1,\"name\":\"Startseite\",\"item\":\"https:\\\/\\\/cartech-aichach.de\\\/index.php\\\/home\\\/\"},{\"@type\":\"ListItem\",\"position\":2,\"name\":\"Impressum\"}]},{\"@type\":\"WebSite\",\"@id\":\"https:\\\/\\\/cartech-aichach.de\\\/#website\",\"url\":\"https:\\\/\\\/cartech-aichach.de\\\/\",\"name\":\"Cartech-KS Autoglas Aichach\",\"description\":\"KS Autoglaszentrum Aichach\",\"publisher\":{\"@id\":\"https:\\\/\\\/cartech-aichach.de\\\/#organization\"},\"potentialAction\":[{\"@type\":\"SearchAction\",\"target\":{\"@type\":\"EntryPoint\",\"urlTemplate\":\"https:\\\/\\\/cartech-aichach.de\\\/?s={search_term_string}\"},\"query-input\":{\"@type\":\"PropertyValueSpecification\",\"valueRequired\":true,\"valueName\":\"search_term_string\"}}],\"inLanguage\":\"de\"},{\"@type\":\"Organization\",\"@id\":\"https:\\\/\\\/cartech-aichach.de\\\/#organization\",\"name\":\"Cartech-KS Autoglas Aichach\",\"url\":\"https:\\\/\\\/cartech-aichach.de\\\/\",\"logo\":{\"@type\":\"ImageObject\",\"inLanguage\":\"de\",\"@id\":\"https:\\\/\\\/cartech-aichach.de\\\/#\\\/schema\\\/logo\\\/image\\\/\",\"url\":\"https:\\\/\\\/cartech-aichach.de\\\/wp-content\\\/uploads\\\/2024\\\/06\\\/WhatsApp-Bild-2024-06-21-um-09.23.40_acbccc9a.jpg\",\"contentUrl\":\"https:\\\/\\\/cartech-aichach.de\\\/wp-content\\\/uploads\\\/2024\\\/06\\\/WhatsApp-Bild-2024-06-21-um-09.23.40_acbccc9a.jpg\",\"width\":1109,\"height\":806,\"caption\":\"Cartech-KS Autoglas Aichach\"},\"image\":{\"@id\":\"https:\\\/\\\/cartech-aichach.de\\\/#\\\/schema\\\/logo\\\/image\\\/\"},\"sameAs\":[\"https:\\\/\\\/www.facebook.com\\\/profile.php?id=100054510787218\"]}]}<\/script>\n<!-- \/ Yoast SEO plugin. -->","yoast_head_json":{"title":"Impressum - Cartech-KS Aichach","robots":{"index":"index","follow":"follow","max-snippet":"max-snippet:-1","max-image-preview":"max-image-preview:large","max-video-preview":"max-video-preview:-1"},"canonical":"https:\/\/cartech-aichach.de\/index.php\/impressum\/","og_locale":"de_DE","og_type":"article","og_title":"Impressum - Cartech-KS Aichach","og_description":"Impressum Anbieter dieser Internetpr\u00e4senz im Rechtssinne Cartech Kfz-Meisterbetrieb Robert Walter M\u00fcnchner Str. 60 86551 Aichach Telefon 08251 827414 UST-ID: DE 182742358 E-Mail: office@cartech-aichach.de Web-Site: www.cartech-aichach.de Alle Rechte vorbehalten: Alle Produkte, auf die in den Informationen, den Dokumenten oder in sonstigen Bestandteilen dieser Web-Site Bezug genommen wird, k\u00f6nnen Gegenstand anderer Urheberrechte als der von Cartech sein. [&hellip;]","og_url":"https:\/\/cartech-aichach.de\/index.php\/impressum\/","og_site_name":"Cartech-KS Aichach","article_publisher":"https:\/\/www.facebook.com\/profile.php?id=100054510787218","article_modified_time":"2024-06-21T12:09:20+00:00","twitter_card":"summary_large_image","twitter_misc":{"Gesch\u00e4tzte Lesezeit":"4\u00a0Minuten"},"schema":{"@context":"https:\/\/schema.org","@graph":[{"@type":"WebPage","@id":"https:\/\/cartech-aichach.de\/index.php\/impressum\/","url":"https:\/\/cartech-aichach.de\/index.php\/impressum\/","name":"Impressum - Cartech-KS Aichach","isPartOf":{"@id":"https:\/\/cartech-aichach.de\/#website"},"datePublished":"2024-06-21T11:38:07+00:00","dateModified":"2024-06-21T12:09:20+00:00","breadcrumb":{"@id":"https:\/\/cartech-aichach.de\/index.php\/impressum\/#breadcrumb"},"inLanguage":"de","potentialAction":[{"@type":"ReadAction","target":["https:\/\/cartech-aichach.de\/index.php\/impressum\/"]}]},{"@type":"BreadcrumbList","@id":"https:\/\/cartech-aichach.de\/index.php\/impressum\/#breadcrumb","itemListElement":[{"@type":"ListItem","position":1,"name":"Startseite","item":"https:\/\/cartech-aichach.de\/index.php\/home\/"},{"@type":"ListItem","position":2,"name":"Impressum"}]},{"@type":"WebSite","@id":"https:\/\/cartech-aichach.de\/#website","url":"https:\/\/cartech-aichach.de\/","name":"Cartech-KS Autoglas Aichach","description":"KS Autoglaszentrum Aichach","publisher":{"@id":"https:\/\/cartech-aichach.de\/#organization"},"potentialAction":[{"@type":"SearchAction","target":{"@type":"EntryPoint","urlTemplate":"https:\/\/cartech-aichach.de\/?s={search_term_string}"},"query-input":{"@type":"PropertyValueSpecification","valueRequired":true,"valueName":"search_term_string"}}],"inLanguage":"de"},{"@type":"Organization","@id":"https:\/\/cartech-aichach.de\/#organization","name":"Cartech-KS Autoglas Aichach","url":"https:\/\/cartech-aichach.de\/","logo":{"@type":"ImageObject","inLanguage":"de","@id":"https:\/\/cartech-aichach.de\/#\/schema\/logo\/image\/","url":"https:\/\/cartech-aichach.de\/wp-content\/uploads\/2024\/06\/WhatsApp-Bild-2024-06-21-um-09.23.40_acbccc9a.jpg","contentUrl":"https:\/\/cartech-aichach.de\/wp-content\/uploads\/2024\/06\/WhatsApp-Bild-2024-06-21-um-09.23.40_acbccc9a.jpg","width":1109,"height":806,"caption":"Cartech-KS Autoglas Aichach"},"image":{"@id":"https:\/\/cartech-aichach.de\/#\/schema\/logo\/image\/"},"sameAs":["https:\/\/www.facebook.com\/profile.php?id=100054510787218"]}]}},"_links":{"self":[{"href":"https:\/\/cartech-aichach.de\/index.php\/wp-json\/wp\/v2\/pages\/6","targetHints":{"allow":["GET"]}}],"collection":[{"href":"https:\/\/cartech-aichach.de\/index.php\/wp-json\/wp\/v2\/pages"}],"about":[{"href":"https:\/\/cartech-aichach.de\/index.php\/wp-json\/wp\/v2\/types\/page"}],"author":[{"embeddable":true,"href":"https:\/\/cartech-aichach.de\/index.php\/wp-json\/wp\/v2\/users\/1"}],"replies":[{"embeddable":true,"href":"https:\/\/cartech-aichach.de\/index.php\/wp-json\/wp\/v2\/comments?post=6"}],"version-history":[{"count":2,"href":"https:\/\/cartech-aichach.de\/index.php\/wp-json\/wp\/v2\/pages\/6\/revisions"}],"predecessor-version":[{"id":31,"href":"https:\/\/cartech-aichach.de\/index.php\/wp-json\/wp\/v2\/pages\/6\/revisions\/31"}],"wp:attachment":[{"href":"https:\/\/cartech-aichach.de\/index.php\/wp-json\/wp\/v2\/media?parent=6"}],"curies":[{"name":"wp","href":"https:\/\/api.w.org\/{rel}","templated":true}]}}