{"id":45,"date":"2024-06-25T09:04:16","date_gmt":"2024-06-25T09:04:16","guid":{"rendered":"https:\/\/cartech-aichach.de\/?page_id=45"},"modified":"2025-01-21T13:33:00","modified_gmt":"2025-01-21T13:33:00","slug":"leistungen","status":"publish","type":"page","link":"https:\/\/cartech-aichach.de\/index.php\/leistungen\/","title":{"rendered":"Leistungen"},"content":{"rendered":"<div  class='flex_column av-l95-018d74bfb497fa1a5f23ef137b3b34ca av_two_third  avia-builder-el-0  el_before_av_one_third  avia-builder-el-first  first flex_column_div  '     ><section  class='av_textblock_section av-m66idz5e-01310a412045d788ad77b19189aff02f '   itemscope=\"itemscope\" itemtype=\"https:\/\/schema.org\/CreativeWork\" ><div class='avia_textblock'  itemprop=\"text\" ><div>\n<p>Ihr zertifiziertes <strong>KS AUTOGLAS Zentrum Aichach<\/strong>\u00a0 ist Ihr starker und kompetenter Partner in der Region und Ihr Spezialist in Sachen Autoglas-Reparatur und Autoglas-Austausch.<\/p>\n<p><strong>KS AUTOGLAS Aichach hilft bei Steinschlag-Reparaturen<br \/>\n<\/strong>Die h\u00e4ufigsten Autoglas-Sch\u00e4den sind Steinschl\u00e4ge. Grunds\u00e4tzlich wird gepr\u00fcft, ob der Steinschlag reparabel ist und im Reparaturbereich liegt. Nur wenn das Reparieren nicht m\u00f6glich ist, wird die Scheibe gewechselt. Als Kooperationspartner vieler Versicherungen ist eine Steinschlag-Reparatur i.d.R. durch Ihre Teilkasko kostenlos \u2013 somit entstehen f\u00fcr Sie keine weiteren Kosten. KS AUTOGLAS wickelt die Reparatur einfach und bequem mit Ihrer Versicherung ab.<\/p>\n<p><strong>KS AUTOGLAS Aichach hilft bei Ihrem Scheibenwechsel<br \/>\n<\/strong>Bei einem Scheibenwechsel kommen ausschlie\u00dflich Original-Ersatzteile (nach Kfz-GVO) zum Einsatz. Somit ist gew\u00e4hrleistet, dass die T\u00f6nung und die Passgenauigkeit \u00fcbereinstimmen sowie die Herstellergarantie erhalten bleibt. Auch die entstehenden Kosten f\u00fcr den Scheibenwechsel sind durch Ihre Teilkasko gedeckt, lediglich die von Ihnen vereinbarte Selbstbeteiligung mit der Versicherung muss vor Ort in der Partner-Werkstatt entrichtet werden.<\/p>\n<\/div>\n<div>\n<p><em>*** Frontscheiben Tausch, Windschutzscheiben Tausch, Heckscheiben Tausch ***<\/em><\/p>\n<\/div>\n<\/div><\/section><\/div>\n<div  class='flex_column av-yxfx-9efe250379737c7e624d60b2c256a63f av_one_third  avia-builder-el-2  el_after_av_two_third  avia-builder-el-last  flex_column_div  '     ><section  class='av_textblock_section av-m66ieoqi-05fde5afa890b79e7d61ceaa6da8a2e8 '   itemscope=\"itemscope\" itemtype=\"https:\/\/schema.org\/CreativeWork\" ><div class='avia_textblock'  itemprop=\"text\" ><p><strong>KS AUTOGLAS ZENTRUM Aichach<\/strong><br \/>\nM\u00fcnchener Stra\u00dfe 60<br \/>\n86551\u00a0Aichach<\/p>\n<p>Ansprechpartner f\u00fcr Glassch\u00e4den:<br \/>\nHerr Walter<\/p>\n<p>Telefon: <a href=\"tel:+498251827414\">08251 827414<\/a><br \/>\nFax: 08251 827415<\/p>\n<p><a href=\"https:\/\/cartech-aichach.de\" target=\"_blank\" rel=\"noopener\">https:\/\/cartech-aichach.de<\/a><br \/>\n<a href=\"mailto:ksautoglas@cartech-aichach.de\">ksautoglas@cartech-aichach.de<\/a><\/p>\n<p>Kostenlose Hotline: <a href=\"tel:+498004488488\">0800 44 88 488<\/a><\/p>\n<\/div><\/section><\/div>\n","protected":false},"excerpt":{"rendered":"","protected":false},"author":1,"featured_media":0,"parent":0,"menu_order":0,"comment_status":"closed","ping_status":"closed","template":"","meta":{"_monsterinsights_skip_tracking":false,"_monsterinsights_sitenote_active":false,"_monsterinsights_sitenote_note":"","_monsterinsights_sitenote_category":0,"footnotes":""},"class_list":["post-45","page","type-page","status-publish","hentry"],"yoast_head":"<!-- This site is optimized with the Yoast SEO plugin v27.4 - https:\/\/yoast.com\/product\/yoast-seo-wordpress\/ -->\n<title>Leistungen - Cartech-KS Aichach<\/title>\n<meta name=\"robots\" content=\"index, follow, max-snippet:-1, max-image-preview:large, max-video-preview:-1\" \/>\n<link rel=\"canonical\" href=\"https:\/\/cartech-aichach.de\/index.php\/leistungen\/\" \/>\n<meta property=\"og:locale\" content=\"de_DE\" \/>\n<meta property=\"og:type\" content=\"article\" \/>\n<meta property=\"og:title\" content=\"Leistungen - Cartech-KS Aichach\" \/>\n<meta property=\"og:url\" content=\"https:\/\/cartech-aichach.de\/index.php\/leistungen\/\" \/>\n<meta property=\"og:site_name\" content=\"Cartech-KS Aichach\" \/>\n<meta property=\"article:publisher\" content=\"https:\/\/www.facebook.com\/profile.php?id=100054510787218\" \/>\n<meta property=\"article:modified_time\" content=\"2025-01-21T13:33:00+00:00\" \/>\n<meta name=\"twitter:card\" content=\"summary_large_image\" \/>\n<meta name=\"twitter:label1\" content=\"Gesch\u00e4tzte Lesezeit\" \/>\n\t<meta name=\"twitter:data1\" content=\"2\u00a0Minuten\" \/>\n<script type=\"application\/ld+json\" class=\"yoast-schema-graph\">{\"@context\":\"https:\\\/\\\/schema.org\",\"@graph\":[{\"@type\":\"WebPage\",\"@id\":\"https:\\\/\\\/cartech-aichach.de\\\/index.php\\\/leistungen\\\/\",\"url\":\"https:\\\/\\\/cartech-aichach.de\\\/index.php\\\/leistungen\\\/\",\"name\":\"Leistungen - Cartech-KS Aichach\",\"isPartOf\":{\"@id\":\"https:\\\/\\\/cartech-aichach.de\\\/#website\"},\"datePublished\":\"2024-06-25T09:04:16+00:00\",\"dateModified\":\"2025-01-21T13:33:00+00:00\",\"breadcrumb\":{\"@id\":\"https:\\\/\\\/cartech-aichach.de\\\/index.php\\\/leistungen\\\/#breadcrumb\"},\"inLanguage\":\"de\",\"potentialAction\":[{\"@type\":\"ReadAction\",\"target\":[\"https:\\\/\\\/cartech-aichach.de\\\/index.php\\\/leistungen\\\/\"]}]},{\"@type\":\"BreadcrumbList\",\"@id\":\"https:\\\/\\\/cartech-aichach.de\\\/index.php\\\/leistungen\\\/#breadcrumb\",\"itemListElement\":[{\"@type\":\"ListItem\",\"position\":1,\"name\":\"Startseite\",\"item\":\"https:\\\/\\\/cartech-aichach.de\\\/index.php\\\/home\\\/\"},{\"@type\":\"ListItem\",\"position\":2,\"name\":\"Leistungen\"}]},{\"@type\":\"WebSite\",\"@id\":\"https:\\\/\\\/cartech-aichach.de\\\/#website\",\"url\":\"https:\\\/\\\/cartech-aichach.de\\\/\",\"name\":\"Cartech-KS Autoglas Aichach\",\"description\":\"KS Autoglaszentrum Aichach\",\"publisher\":{\"@id\":\"https:\\\/\\\/cartech-aichach.de\\\/#organization\"},\"potentialAction\":[{\"@type\":\"SearchAction\",\"target\":{\"@type\":\"EntryPoint\",\"urlTemplate\":\"https:\\\/\\\/cartech-aichach.de\\\/?s={search_term_string}\"},\"query-input\":{\"@type\":\"PropertyValueSpecification\",\"valueRequired\":true,\"valueName\":\"search_term_string\"}}],\"inLanguage\":\"de\"},{\"@type\":\"Organization\",\"@id\":\"https:\\\/\\\/cartech-aichach.de\\\/#organization\",\"name\":\"Cartech-KS Autoglas Aichach\",\"url\":\"https:\\\/\\\/cartech-aichach.de\\\/\",\"logo\":{\"@type\":\"ImageObject\",\"inLanguage\":\"de\",\"@id\":\"https:\\\/\\\/cartech-aichach.de\\\/#\\\/schema\\\/logo\\\/image\\\/\",\"url\":\"https:\\\/\\\/cartech-aichach.de\\\/wp-content\\\/uploads\\\/2024\\\/06\\\/WhatsApp-Bild-2024-06-21-um-09.23.40_acbccc9a.jpg\",\"contentUrl\":\"https:\\\/\\\/cartech-aichach.de\\\/wp-content\\\/uploads\\\/2024\\\/06\\\/WhatsApp-Bild-2024-06-21-um-09.23.40_acbccc9a.jpg\",\"width\":1109,\"height\":806,\"caption\":\"Cartech-KS Autoglas Aichach\"},\"image\":{\"@id\":\"https:\\\/\\\/cartech-aichach.de\\\/#\\\/schema\\\/logo\\\/image\\\/\"},\"sameAs\":[\"https:\\\/\\\/www.facebook.com\\\/profile.php?id=100054510787218\"]}]}<\/script>\n<!-- \/ Yoast SEO plugin. -->","yoast_head_json":{"title":"Leistungen - Cartech-KS Aichach","robots":{"index":"index","follow":"follow","max-snippet":"max-snippet:-1","max-image-preview":"max-image-preview:large","max-video-preview":"max-video-preview:-1"},"canonical":"https:\/\/cartech-aichach.de\/index.php\/leistungen\/","og_locale":"de_DE","og_type":"article","og_title":"Leistungen - Cartech-KS Aichach","og_url":"https:\/\/cartech-aichach.de\/index.php\/leistungen\/","og_site_name":"Cartech-KS Aichach","article_publisher":"https:\/\/www.facebook.com\/profile.php?id=100054510787218","article_modified_time":"2025-01-21T13:33:00+00:00","twitter_card":"summary_large_image","twitter_misc":{"Gesch\u00e4tzte Lesezeit":"2\u00a0Minuten"},"schema":{"@context":"https:\/\/schema.org","@graph":[{"@type":"WebPage","@id":"https:\/\/cartech-aichach.de\/index.php\/leistungen\/","url":"https:\/\/cartech-aichach.de\/index.php\/leistungen\/","name":"Leistungen - Cartech-KS Aichach","isPartOf":{"@id":"https:\/\/cartech-aichach.de\/#website"},"datePublished":"2024-06-25T09:04:16+00:00","dateModified":"2025-01-21T13:33:00+00:00","breadcrumb":{"@id":"https:\/\/cartech-aichach.de\/index.php\/leistungen\/#breadcrumb"},"inLanguage":"de","potentialAction":[{"@type":"ReadAction","target":["https:\/\/cartech-aichach.de\/index.php\/leistungen\/"]}]},{"@type":"BreadcrumbList","@id":"https:\/\/cartech-aichach.de\/index.php\/leistungen\/#breadcrumb","itemListElement":[{"@type":"ListItem","position":1,"name":"Startseite","item":"https:\/\/cartech-aichach.de\/index.php\/home\/"},{"@type":"ListItem","position":2,"name":"Leistungen"}]},{"@type":"WebSite","@id":"https:\/\/cartech-aichach.de\/#website","url":"https:\/\/cartech-aichach.de\/","name":"Cartech-KS Autoglas Aichach","description":"KS Autoglaszentrum Aichach","publisher":{"@id":"https:\/\/cartech-aichach.de\/#organization"},"potentialAction":[{"@type":"SearchAction","target":{"@type":"EntryPoint","urlTemplate":"https:\/\/cartech-aichach.de\/?s={search_term_string}"},"query-input":{"@type":"PropertyValueSpecification","valueRequired":true,"valueName":"search_term_string"}}],"inLanguage":"de"},{"@type":"Organization","@id":"https:\/\/cartech-aichach.de\/#organization","name":"Cartech-KS Autoglas Aichach","url":"https:\/\/cartech-aichach.de\/","logo":{"@type":"ImageObject","inLanguage":"de","@id":"https:\/\/cartech-aichach.de\/#\/schema\/logo\/image\/","url":"https:\/\/cartech-aichach.de\/wp-content\/uploads\/2024\/06\/WhatsApp-Bild-2024-06-21-um-09.23.40_acbccc9a.jpg","contentUrl":"https:\/\/cartech-aichach.de\/wp-content\/uploads\/2024\/06\/WhatsApp-Bild-2024-06-21-um-09.23.40_acbccc9a.jpg","width":1109,"height":806,"caption":"Cartech-KS Autoglas Aichach"},"image":{"@id":"https:\/\/cartech-aichach.de\/#\/schema\/logo\/image\/"},"sameAs":["https:\/\/www.facebook.com\/profile.php?id=100054510787218"]}]}},"_links":{"self":[{"href":"https:\/\/cartech-aichach.de\/index.php\/wp-json\/wp\/v2\/pages\/45","targetHints":{"allow":["GET"]}}],"collection":[{"href":"https:\/\/cartech-aichach.de\/index.php\/wp-json\/wp\/v2\/pages"}],"about":[{"href":"https:\/\/cartech-aichach.de\/index.php\/wp-json\/wp\/v2\/types\/page"}],"author":[{"embeddable":true,"href":"https:\/\/cartech-aichach.de\/index.php\/wp-json\/wp\/v2\/users\/1"}],"replies":[{"embeddable":true,"href":"https:\/\/cartech-aichach.de\/index.php\/wp-json\/wp\/v2\/comments?post=45"}],"version-history":[{"count":6,"href":"https:\/\/cartech-aichach.de\/index.php\/wp-json\/wp\/v2\/pages\/45\/revisions"}],"predecessor-version":[{"id":319,"href":"https:\/\/cartech-aichach.de\/index.php\/wp-json\/wp\/v2\/pages\/45\/revisions\/319"}],"wp:attachment":[{"href":"https:\/\/cartech-aichach.de\/index.php\/wp-json\/wp\/v2\/media?parent=45"}],"curies":[{"name":"wp","href":"https:\/\/api.w.org\/{rel}","templated":true}]}}